{"id":71382,"date":"2026-03-29T22:31:10","date_gmt":"2026-03-29T22:31:10","guid":{"rendered":"https:\/\/revista-apunts.com\/tablas\/tabla-8-164-05\/"},"modified":"2026-03-29T22:35:08","modified_gmt":"2026-03-29T22:35:08","slug":"tabla-8-164-05","status":"publish","type":"tablas","link":"https:\/\/revista-apunts.com\/ca\/tablas\/tabla-8-164-05\/","title":{"rendered":"Taula 8 \u2013 164.05"},"content":{"rendered":"\n<h2 class=\"wp-block-heading\">Taula 8<\/h2>\n\n\n\n<p><em><em>Estad\u00edstiques descriptives i resultats de l\u2019ANOVA mixt per a les habilitats aqu\u00e0tiques (ASC)<\/em><\/em><\/p>\n\n\n\n<table class=\"wp-block-advgb-table advgb-table-frontend\"><tbody><tr><td style=\"border-top-color:#000;border-bottom-color:#000\">Grup<\/td><td style=\"text-align:center;border-top-color:#000;border-bottom-color:#000\">Pre<br>(Mitjana\u00a0\u00b1\u00a0<em>DT<\/em>)<\/td><td style=\"text-align:center;border-top-color:#000;border-bottom-color:#000\">Post\u00a0 (Mitjana \u00b1\u00a0<em>DT<\/em>)<\/td><td style=\"text-align:center;border-top-color:#000;border-bottom-color:#000\">\u0394\u00a0 (Mitjana<br>\u00a0\u00b1\u00a0<em>DT<\/em>)<\/td><td style=\"text-align:center;border-top-color:#000;border-bottom-color:#000\">ANOVA F\u00a0 (Temps \u00d7 Grup)<\/td><td style=\"text-align:center;border-top-color:#000;border-bottom-color:#000\"><em>gl<\/em><\/td><td style=\"text-align:center;border-top-color:#000;border-bottom-color:#000\"><em>p<\/em><\/td><td style=\"text-align:center;border-top-color:#000;border-bottom-color:#000\">\u03b7\u00b2 parcial<\/td><\/tr><tr><td>Experimental<\/td><td style=\"text-align:center\">13.88&nbsp;\u00b1&nbsp;1.96<\/td><td style=\"text-align:center\">19.75&nbsp;\u00b1&nbsp;1.75<\/td><td style=\"text-align:center\">5.87&nbsp;\u00b1&nbsp;0.62<\/td><td style=\"text-align:center\">25.47<\/td><td style=\"text-align:center\">1.12<\/td><td style=\"text-align:center\">&lt; .05<\/td><td style=\"text-align:center\">.70<\/td><\/tr><tr><td>Control<\/td><td style=\"text-align:center\">13.00&nbsp;\u00b1&nbsp;2.37<\/td><td style=\"text-align:center\">13.83&nbsp;\u00b1&nbsp;2.14<\/td><td style=\"text-align:center\">0.83&nbsp;\u00b1&nbsp;0.71<\/td><td style=\"text-align:center\"><br><\/td><td style=\"text-align:center\"><br><\/td><td style=\"text-align:center\"><br><\/td><td style=\"text-align:center\"><br><\/td><\/tr><tr><td style=\"border-top-color:#000\" colspan=\"8\"><em>Nota<\/em>. \u0394\u00a0=\u00a0post &#8211; pre; <em>DT<\/em>\u00a0=\u00a0desviaci\u00f3 t\u00edpica; ANOVA <em>F<\/em>\u00a0=\u00a0interacci\u00f3 Temps \u00d7 Grup; \u03b7\u00b2 parcial\u00a0=\u00a0mida de l\u2019efecte; <em>p<\/em> &lt; .05 indica significaci\u00f3.<\/td><\/tr><\/tbody><\/table>\n\n\n\n<div class=\"wp-block-buttons is-layout-flex wp-block-buttons-is-layout-flex\">\n<div class=\"wp-block-button\"><a class=\"wp-block-button__link has-background no-border-radius wp-element-button\" href=\"https:\/\/revista-apunts.com\/ca\/terapia-aquatica-multisistema-i-regulacio-emocional-en-alumnes-amb-trastorn-de-lespectre-autista\/#volver1640508\" style=\"background-color:#3B70E8\">Tornar a l&#8217;article<\/a><\/div>\n<\/div>\n","protected":false},"author":2,"template":"","featured_img":false,"coauthors":[],"author_meta":{"author_link":"https:\/\/revista-apunts.com\/ca\/author\/finderwilber\/","display_name":"finderwilber"},"relative_dates":{"created":"Posted 1 mes ago","modified":"Updated 1 mes ago"},"absolute_dates":{"created":"Posted on 29 mar\u00e7 2026","modified":"Updated on 29 mar\u00e7 2026"},"absolute_dates_time":{"created":"Posted on 29 mar\u00e7 2026 22:31","modified":"Updated on 29 mar\u00e7 2026 22:35"},"featured_img_caption":"","tax_additional":[],"series_order":"","_links":{"self":[{"href":"https:\/\/revista-apunts.com\/ca\/wp-json\/wp\/v2\/tablas\/71382\/"}],"collection":[{"href":"https:\/\/revista-apunts.com\/ca\/wp-json\/wp\/v2\/tablas\/"}],"about":[{"href":"https:\/\/revista-apunts.com\/ca\/wp-json\/wp\/v2\/types\/tablas\/"}],"version-history":[{"count":1,"href":"https:\/\/revista-apunts.com\/ca\/wp-json\/wp\/v2\/tablas\/71382\/revisions\/"}],"predecessor-version":[{"id":71384,"href":"https:\/\/revista-apunts.com\/ca\/wp-json\/wp\/v2\/tablas\/71382\/revisions\/71384\/"}],"wp:attachment":[{"href":"https:\/\/revista-apunts.com\/ca\/wp-json\/wp\/v2\/media\/?parent=71382"}],"curies":[{"name":"wp","href":"https:\/\/api.w.org\/{rel}","templated":true}]}}

<h2 class="wp-block-heading">Taula 8</h2>



<p><em><em>Estadístiques descriptives i resultats de l’ANOVA mixt per a les habilitats aquàtiques (ASC)</em></em></p>



<table class="wp-block-advgb-table advgb-table-frontend"><tbody><tr><td style="border-top-color:#000;border-bottom-color:#000">Grup</td><td style="text-align:center;border-top-color:#000;border-bottom-color:#000">Pre<br>(Mitjana ± <em>DT</em>)</td><td style="text-align:center;border-top-color:#000;border-bottom-color:#000">Post  (Mitjana ± <em>DT</em>)</td><td style="text-align:center;border-top-color:#000;border-bottom-color:#000">Δ  (Mitjana<br> ± <em>DT</em>)</td><td style="text-align:center;border-top-color:#000;border-bottom-color:#000">ANOVA F  (Temps × Grup)</td><td style="text-align:center;border-top-color:#000;border-bottom-color:#000"><em>gl</em></td><td style="text-align:center;border-top-color:#000;border-bottom-color:#000"><em>p</em></td><td style="text-align:center;border-top-color:#000;border-bottom-color:#000">η² parcial</td></tr><tr><td>Experimental</td><td style="text-align:center">13.88&nbsp;±&nbsp;1.96</td><td style="text-align:center">19.75&nbsp;±&nbsp;1.75</td><td style="text-align:center">5.87&nbsp;±&nbsp;0.62</td><td style="text-align:center">25.47</td><td style="text-align:center">1.12</td><td style="text-align:center">&lt; .05</td><td style="text-align:center">.70</td></tr><tr><td>Control</td><td style="text-align:center">13.00&nbsp;±&nbsp;2.37</td><td style="text-align:center">13.83&nbsp;±&nbsp;2.14</td><td style="text-align:center">0.83&nbsp;±&nbsp;0.71</td><td style="text-align:center"><br></td><td style="text-align:center"><br></td><td style="text-align:center"><br></td><td style="text-align:center"><br></td></tr><tr><td style="border-top-color:#000" colspan="8"><em>Nota</em>. Δ = post &#8211; pre; <em>DT</em> = desviació típica; ANOVA <em>F</em> = interacció Temps × Grup; η² parcial = mida de l’efecte; <em>p</em> &lt; .05 indica significació.</td></tr></tbody></table>



<div class="wp-block-buttons is-layout-flex wp-block-buttons-is-layout-flex">
<div class="wp-block-button"><a class="wp-block-button__link has-background no-border-radius wp-element-button" href="https://revista-apunts.com/ca/terapia-aquatica-multisistema-i-regulacio-emocional-en-alumnes-amb-trastorn-de-lespectre-autista/#volver1640508" style="background-color:#3B70E8">Tornar a l&#8217;article</a></div>
</div>

Posted on 29 març 2026

Updated on 29 març 2026

Posted on 29 març 2026 22:31

Updated on 29 març 2026 22:35
