{"id":71345,"date":"2026-03-29T09:06:41","date_gmt":"2026-03-29T09:06:41","guid":{"rendered":"https:\/\/revista-apunts.com\/tablas\/tabla-3-164-05\/"},"modified":"2026-03-29T09:09:11","modified_gmt":"2026-03-29T09:09:11","slug":"tabla-3-164-05","status":"publish","type":"tablas","link":"https:\/\/revista-apunts.com\/ca\/tablas\/tabla-3-164-05\/","title":{"rendered":"Taula 3 \u2013 164.05"},"content":{"rendered":"\n<h2 class=\"wp-block-heading\">Taula 3<\/h2>\n\n\n\n<p><em><em>Llista de Control d\u2019Habilitats Aqu\u00e0tiques (ASC)<\/em><\/em><\/p>\n\n\n\n<table class=\"wp-block-advgb-table advgb-table-frontend\"><tbody><tr><td style=\"text-align:center;border-top-color:#000;border-bottom-color:#000\">\u00cdtem<\/td><td style=\"border-top-color:#000;border-bottom-color:#000\">Habilitat aqu\u00e0tica<\/td><td style=\"border-top-color:#000;border-bottom-color:#000\">Avaluaci\u00f3<\/td><td style=\"text-align:center;border-top-color:#000;border-bottom-color:#000\">Tipus d&#8217;habilitat&nbsp;<\/td><\/tr><tr><td style=\"text-align:center\">1<\/td><td>Entrada i sortida de l&#8217;aigua<\/td><td>Seguretat i autonomia en accedir i sortir de l&#8217;aigua.<\/td><td style=\"text-align:center\">Seguretat<\/td><\/tr><tr><td style=\"text-align:center\">2<\/td><td>Control de la respiraci\u00f3<\/td><td>Exhalaci\u00f3 r\u00edtmica sota l&#8217;aigua.<\/td><td style=\"text-align:center\">Adaptaci\u00f3<\/td><\/tr><tr><td style=\"text-align:center\">3<\/td><td>Flotaci\u00f3 en posici\u00f3 ventral<\/td><td>Habilitat per flotar de cara, amb o sense suport.<\/td><td style=\"text-align:center\">Adaptaci\u00f3<\/td><\/tr><tr><td style=\"text-align:center\">4<\/td><td>Flotaci\u00f3 en posici\u00f3 dorsal<\/td><td>Habilitat per flotar d&#8217;esquena, amb o sense suport.<\/td><td style=\"text-align:center\">Adaptaci\u00f3<\/td><\/tr><tr><td style=\"text-align:center\">5<\/td><td>Lliscament propulsat<\/td><td>Lliscament seguit de batuda de peus b\u00e0sica.<\/td><td style=\"text-align:center\">Moviment<\/td><\/tr><tr><td style=\"text-align:center\">6<\/td><td>Batuda de peus sostinguda<\/td><td>\u00das de la batuda de peus de crol mantenint la respiraci\u00f3.<\/td><td style=\"text-align:center\">Moviment<\/td><\/tr><tr><td style=\"text-align:center\">7<\/td><td>Propulsi\u00f3 b\u00e0sica&nbsp;<\/td><td>Moviment a l&#8217;aigua utilitzant accions simples de bra\u00e7os i cames.<\/td><td style=\"text-align:center\">Moviment<\/td><\/tr><tr><td style=\"text-align:center\">8<\/td><td>Nataci\u00f3 de superviv\u00e8ncia<\/td><td>Moure&#8217;s una dist\u00e0ncia curta de manera segura i controlada.<\/td><td style=\"text-align:center\">Seguretat<\/td><\/tr><tr><td style=\"text-align:center\">9<\/td><td>Gir d&#8217;esquena<\/td><td>Canvi de posici\u00f3 ventral a dorsal per descansar i respirar.<\/td><td style=\"text-align:center\">Seguretat<\/td><\/tr><tr><td style=\"text-align:center\">10<\/td><td>Crol<\/td><td>Nadar amb moviments alternats de bra\u00e7os i respiraci\u00f3 r\u00edtmica.<\/td><td style=\"text-align:center\">Estil formal<\/td><\/tr><tr><td style=\"text-align:center\">11<\/td><td>Esquena<\/td><td>Nadar d&#8217;esquena amb bra\u00e7ades alternades.<\/td><td style=\"text-align:center\">Estil formal<\/td><\/tr><tr><td style=\"text-align:center\">12<\/td><td>Batuda de peus d&#8217;esquena elemental<\/td><td>\u00das de la batuda de peus de falca\/fuet en posici\u00f3 dorsal.<\/td><td style=\"text-align:center\">Estil formal<\/td><\/tr><tr><td style=\"text-align:center;border-bottom-color:#000\">13<\/td><td style=\"border-bottom-color:#000\">T\u00e8cnica de batuda de peus<\/td><td style=\"border-bottom-color:#000\">Habilitat per fer la batuda de peus de papallona.<\/td><td style=\"text-align:center;border-bottom-color:#000\">Estil formal<\/td><\/tr><\/tbody><\/table>\n\n\n\n<div class=\"wp-block-buttons is-layout-flex wp-block-buttons-is-layout-flex\">\n<div class=\"wp-block-button\"><a class=\"wp-block-button__link has-background no-border-radius wp-element-button\" href=\"https:\/\/revista-apunts.com\/ca\/terapia-aquatica-multisistema-i-regulacio-emocional-en-alumnes-amb-trastorn-de-lespectre-autista\/#volver1640503\" style=\"background-color:#3B70E8\">Tornar a l&#8217;article<\/a><\/div>\n<\/div>\n","protected":false},"author":2,"template":"","featured_img":false,"coauthors":[],"author_meta":{"author_link":"https:\/\/revista-apunts.com\/ca\/author\/finderwilber\/","display_name":"finderwilber"},"relative_dates":{"created":"Posted 1 mes ago","modified":"Updated 1 mes ago"},"absolute_dates":{"created":"Posted on 29 mar\u00e7 2026","modified":"Updated on 29 mar\u00e7 2026"},"absolute_dates_time":{"created":"Posted on 29 mar\u00e7 2026 09:06","modified":"Updated on 29 mar\u00e7 2026 09:09"},"featured_img_caption":"","tax_additional":[],"series_order":"","_links":{"self":[{"href":"https:\/\/revista-apunts.com\/ca\/wp-json\/wp\/v2\/tablas\/71345\/"}],"collection":[{"href":"https:\/\/revista-apunts.com\/ca\/wp-json\/wp\/v2\/tablas\/"}],"about":[{"href":"https:\/\/revista-apunts.com\/ca\/wp-json\/wp\/v2\/types\/tablas\/"}],"version-history":[{"count":1,"href":"https:\/\/revista-apunts.com\/ca\/wp-json\/wp\/v2\/tablas\/71345\/revisions\/"}],"predecessor-version":[{"id":71347,"href":"https:\/\/revista-apunts.com\/ca\/wp-json\/wp\/v2\/tablas\/71345\/revisions\/71347\/"}],"wp:attachment":[{"href":"https:\/\/revista-apunts.com\/ca\/wp-json\/wp\/v2\/media\/?parent=71345"}],"curies":[{"name":"wp","href":"https:\/\/api.w.org\/{rel}","templated":true}]}}

<h2 class="wp-block-heading">Taula 3</h2>



<p><em><em>Llista de Control d’Habilitats Aquàtiques (ASC)</em></em></p>



<table class="wp-block-advgb-table advgb-table-frontend"><tbody><tr><td style="text-align:center;border-top-color:#000;border-bottom-color:#000">Ítem</td><td style="border-top-color:#000;border-bottom-color:#000">Habilitat aquàtica</td><td style="border-top-color:#000;border-bottom-color:#000">Avaluació</td><td style="text-align:center;border-top-color:#000;border-bottom-color:#000">Tipus d&#8217;habilitat&nbsp;</td></tr><tr><td style="text-align:center">1</td><td>Entrada i sortida de l&#8217;aigua</td><td>Seguretat i autonomia en accedir i sortir de l&#8217;aigua.</td><td style="text-align:center">Seguretat</td></tr><tr><td style="text-align:center">2</td><td>Control de la respiració</td><td>Exhalació rítmica sota l&#8217;aigua.</td><td style="text-align:center">Adaptació</td></tr><tr><td style="text-align:center">3</td><td>Flotació en posició ventral</td><td>Habilitat per flotar de cara, amb o sense suport.</td><td style="text-align:center">Adaptació</td></tr><tr><td style="text-align:center">4</td><td>Flotació en posició dorsal</td><td>Habilitat per flotar d&#8217;esquena, amb o sense suport.</td><td style="text-align:center">Adaptació</td></tr><tr><td style="text-align:center">5</td><td>Lliscament propulsat</td><td>Lliscament seguit de batuda de peus bàsica.</td><td style="text-align:center">Moviment</td></tr><tr><td style="text-align:center">6</td><td>Batuda de peus sostinguda</td><td>Ús de la batuda de peus de crol mantenint la respiració.</td><td style="text-align:center">Moviment</td></tr><tr><td style="text-align:center">7</td><td>Propulsió bàsica&nbsp;</td><td>Moviment a l&#8217;aigua utilitzant accions simples de braços i cames.</td><td style="text-align:center">Moviment</td></tr><tr><td style="text-align:center">8</td><td>Natació de supervivència</td><td>Moure&#8217;s una distància curta de manera segura i controlada.</td><td style="text-align:center">Seguretat</td></tr><tr><td style="text-align:center">9</td><td>Gir d&#8217;esquena</td><td>Canvi de posició ventral a dorsal per descansar i respirar.</td><td style="text-align:center">Seguretat</td></tr><tr><td style="text-align:center">10</td><td>Crol</td><td>Nadar amb moviments alternats de braços i respiració rítmica.</td><td style="text-align:center">Estil formal</td></tr><tr><td style="text-align:center">11</td><td>Esquena</td><td>Nadar d&#8217;esquena amb braçades alternades.</td><td style="text-align:center">Estil formal</td></tr><tr><td style="text-align:center">12</td><td>Batuda de peus d&#8217;esquena elemental</td><td>Ús de la batuda de peus de falca/fuet en posició dorsal.</td><td style="text-align:center">Estil formal</td></tr><tr><td style="text-align:center;border-bottom-color:#000">13</td><td style="border-bottom-color:#000">Tècnica de batuda de peus</td><td style="border-bottom-color:#000">Habilitat per fer la batuda de peus de papallona.</td><td style="text-align:center;border-bottom-color:#000">Estil formal</td></tr></tbody></table>



<div class="wp-block-buttons is-layout-flex wp-block-buttons-is-layout-flex">
<div class="wp-block-button"><a class="wp-block-button__link has-background no-border-radius wp-element-button" href="https://revista-apunts.com/ca/terapia-aquatica-multisistema-i-regulacio-emocional-en-alumnes-amb-trastorn-de-lespectre-autista/#volver1640503" style="background-color:#3B70E8">Tornar a l&#8217;article</a></div>
</div>

Posted on 29 març 2026

Updated on 29 març 2026

Posted on 29 març 2026 09:06

Updated on 29 març 2026 09:09
