{"id":65396,"date":"2024-09-19T12:02:55","date_gmt":"2024-09-19T12:02:55","guid":{"rendered":"https:\/\/revista-apunts.com\/tablas\/tabla-2-158-03\/"},"modified":"2024-09-24T14:02:37","modified_gmt":"2024-09-24T14:02:37","slug":"tabla-2-158-03","status":"publish","type":"tablas","link":"https:\/\/revista-apunts.com\/ca\/tablas\/tabla-2-158-03\/","title":{"rendered":"Taula 2 &#8211; 158.03"},"content":{"rendered":"\n<h2 class=\"wp-block-heading\">Taula 2<\/h2>\n\n\n\n<p><em><em><em><em><em><em><em><em>R\u00fabrica inclosa al formulari per avaluar les presentacions orals grupals.<\/em><\/em><\/em><\/em><\/em><\/em><\/em><\/em><\/p>\n\n\n\n<table class=\"wp-block-advgb-table advgb-table-frontend\"><tbody><tr><td style=\"text-align:center;border-top-color:#000;border-bottom-color:#000\" colspan=\"6\">Puntuaci\u00f3<\/td><\/tr><tr><td style=\"border-bottom-color:#000;text-align:center\">\u00cdtems<\/td><td style=\"border-bottom-color:#000;text-align:center\">Excel\u00b7lent (4)<\/td><td style=\"border-bottom-color:#000;text-align:center\">B\u00e9 (3)<\/td><td style=\"border-bottom-color:#000;text-align:center\">Suficient (2)<\/td><td style=\"border-bottom-color:#000;text-align:center\">Deficient (1)<\/td><td style=\"border-bottom-color:#000;text-align:center\">Percentatge de qualificaci\u00f3<\/td><\/tr><tr><td>Integraci\u00f3 de conceptes<\/td><td>Bon domini dels conceptes i responen de manera coherent a les preguntes.<\/td><td>Entenen el fenomen explicat, per\u00f2 tenen dificultats a l\u2019hora de relacionar alguns conceptes.<\/td><td>Requereixen algunes rectificacions quant a l\u2019\u00fas dels conceptes.<\/td><td>No entenen els conceptes.<\/td><td style=\"text-align:center\">40 %<\/td><\/tr><tr><td>Treball col\u00b7laboratiu<\/td><td>En la presentaci\u00f3, es perceben la planificaci\u00f3 i el treball col\u00b7laboratiu. Tots els membres participen activament.<\/td><td>En la presentaci\u00f3 es percep la planificaci\u00f3, per\u00f2 alguns membres presenten certes desviacions de l\u2019enfocament del grup.<\/td><td>En la presentaci\u00f3 es percep la planificaci\u00f3, per\u00f2 els membres no hi participen per igual.<\/td><td>No hi ha col\u00b7laboraci\u00f3 o fins i tot participaci\u00f3 per part dels membres.<\/td><td style=\"text-align:center\">40 %<\/td><\/tr><tr><td style=\"border-bottom-color:#000\">Originalitat i qualitat<\/td><td style=\"border-bottom-color:#000\">Tema original.<br>Suports visuals<br>adequats i atractius.<\/td><td style=\"border-bottom-color:#000\">Tema original.<br>Suports visuals<br>adequats, per\u00f2 poc atractius.<\/td><td style=\"border-bottom-color:#000\">Tema poc original.<br>Suports visuals<br>adequats.<\/td><td style=\"border-bottom-color:#000\">Tema poc original. Suports visuals inadequats.<\/td><td style=\"border-bottom-color:#000;text-align:center\">20\u2006%<\/td><\/tr><\/tbody><\/table>\n\n\n\n<div class=\"wp-block-buttons is-layout-flex wp-block-buttons-is-layout-flex\">\n<div class=\"wp-block-button\"><a class=\"wp-block-button__link has-background no-border-radius wp-element-button\" href=\"https:\/\/revista-apunts.com\/ca\/integracio-del-coneixement-en-leducacio-superior-us-dexperiencies-corporals-per-permetre-la-transdisciplinarietat-basada-en-conceptes-generals-de-la-teoria-de-sistemes-dinamics\/#volver1580302\" style=\"background-color:#3B70E8\">Tornar a l&#8217;article<\/a><\/div>\n<\/div>\n","protected":false},"author":2,"template":"","featured_img":false,"coauthors":[],"author_meta":{"author_link":"https:\/\/revista-apunts.com\/ca\/author\/finderwilber\/","display_name":"finderwilber"},"relative_dates":{"created":"Posted 2 anys ago","modified":"Updated 2 anys ago"},"absolute_dates":{"created":"Posted on 19 setembre 2024","modified":"Updated on 24 setembre 2024"},"absolute_dates_time":{"created":"Posted on 19 setembre 2024 12:02","modified":"Updated on 24 setembre 2024 14:02"},"featured_img_caption":"","tax_additional":[],"series_order":"","_links":{"self":[{"href":"https:\/\/revista-apunts.com\/ca\/wp-json\/wp\/v2\/tablas\/65396\/"}],"collection":[{"href":"https:\/\/revista-apunts.com\/ca\/wp-json\/wp\/v2\/tablas\/"}],"about":[{"href":"https:\/\/revista-apunts.com\/ca\/wp-json\/wp\/v2\/types\/tablas\/"}],"version-history":[{"count":1,"href":"https:\/\/revista-apunts.com\/ca\/wp-json\/wp\/v2\/tablas\/65396\/revisions\/"}],"predecessor-version":[{"id":65399,"href":"https:\/\/revista-apunts.com\/ca\/wp-json\/wp\/v2\/tablas\/65396\/revisions\/65399\/"}],"wp:attachment":[{"href":"https:\/\/revista-apunts.com\/ca\/wp-json\/wp\/v2\/media\/?parent=65396"}],"curies":[{"name":"wp","href":"https:\/\/api.w.org\/{rel}","templated":true}]}}

<h2 class="wp-block-heading">Taula 2</h2>



<p><em><em><em><em><em><em><em><em>Rúbrica inclosa al formulari per avaluar les presentacions orals grupals.</em></em></em></em></em></em></em></em></p>



<table class="wp-block-advgb-table advgb-table-frontend"><tbody><tr><td style="text-align:center;border-top-color:#000;border-bottom-color:#000" colspan="6">Puntuació</td></tr><tr><td style="border-bottom-color:#000;text-align:center">Ítems</td><td style="border-bottom-color:#000;text-align:center">Excel·lent (4)</td><td style="border-bottom-color:#000;text-align:center">Bé (3)</td><td style="border-bottom-color:#000;text-align:center">Suficient (2)</td><td style="border-bottom-color:#000;text-align:center">Deficient (1)</td><td style="border-bottom-color:#000;text-align:center">Percentatge de qualificació</td></tr><tr><td>Integració de conceptes</td><td>Bon domini dels conceptes i responen de manera coherent a les preguntes.</td><td>Entenen el fenomen explicat, però tenen dificultats a l’hora de relacionar alguns conceptes.</td><td>Requereixen algunes rectificacions quant a l’ús dels conceptes.</td><td>No entenen els conceptes.</td><td style="text-align:center">40 %</td></tr><tr><td>Treball col·laboratiu</td><td>En la presentació, es perceben la planificació i el treball col·laboratiu. Tots els membres participen activament.</td><td>En la presentació es percep la planificació, però alguns membres presenten certes desviacions de l’enfocament del grup.</td><td>En la presentació es percep la planificació, però els membres no hi participen per igual.</td><td>No hi ha col·laboració o fins i tot participació per part dels membres.</td><td style="text-align:center">40 %</td></tr><tr><td style="border-bottom-color:#000">Originalitat i qualitat</td><td style="border-bottom-color:#000">Tema original.<br>Suports visuals<br>adequats i atractius.</td><td style="border-bottom-color:#000">Tema original.<br>Suports visuals<br>adequats, però poc atractius.</td><td style="border-bottom-color:#000">Tema poc original.<br>Suports visuals<br>adequats.</td><td style="border-bottom-color:#000">Tema poc original. Suports visuals inadequats.</td><td style="border-bottom-color:#000;text-align:center">20 %</td></tr></tbody></table>



<div class="wp-block-buttons is-layout-flex wp-block-buttons-is-layout-flex">
<div class="wp-block-button"><a class="wp-block-button__link has-background no-border-radius wp-element-button" href="https://revista-apunts.com/ca/integracio-del-coneixement-en-leducacio-superior-us-dexperiencies-corporals-per-permetre-la-transdisciplinarietat-basada-en-conceptes-generals-de-la-teoria-de-sistemes-dinamics/#volver1580302" style="background-color:#3B70E8">Tornar a l&#8217;article</a></div>
</div>
